ided by 230.
1
Calculate the remainder when 4050 is divided by 67.
30
What is the remainder when 1114 is divided by 240?
154
Calculate the remainder when 16192 is divided by 150.
142
Calculate the remainder when 102617 is divided by 738.
35
Calculate the remainder when 4794740 is divided by 21.
20
Calculate the remainder when 10587 is divided by 126.
3
What is the remainder when 4693 is divided by 156?
13
Calculate the remainder when 89905 is divided by 3744.
49
What is the remainder when 12624 is divided by 169?
118
What is the remainder when 251467 is divided by 403?
398
Calculate the remainder when 150 is divided by 136.
14
What is the remainder when 19201 is divided by 370?
331
Calculate the remainder when 116 is divided by 90.
26
Calculate the remainder when 56345 is divided by 18775.
20
Calculate the remainder when 2611942 is divided by 245.
242
What is the remainder when 8553 is divided by 608?
41
What is the remainder when 43068 is divided by 422?
24
Calculate the remainder when 432373 is divided by 108083.
41
What is the remainder when 45029 is divided by 650?
179
What is the remainder when 43794 is divided by 10893?
222
What is the remainder when 847 is divided by 419?
9
What is the remainder when 27377 is divided by 2292?
2165
What is the remainder when 4612 is divided by 763?
34
What is the remainder when 34270 is divided by 68?
66
Calculate the remainder when 1071088 is divided by 35.
18
What is the remainder when 221 is divided by 75?
71
Calculate the remainder when 252042 is divided by 148.
146
Calculate the remainder when 1284075 is divided by 21401.
15
What is the remainder when 2986 is divided by 83?
81
What is the remainder when 2448 is divided by 927?
594
What is the remainder when 8903 is divided by 191?
117
Calculate the remainder when 1951 is divided by 50.
1
Calculate the remainder when 20293 is divided by 964.
49
Calculate the remainder when 15522 is divided by 27.
24
Calculate the remainder when 41697 is divided by 111.
72
Calculate the remainder when 2276 is divided by 560.
36
Calculate the remainder when 31664 is divided by 259.
66
Calculate the remainder when 14978 is divided by 692.
446
What is the remainder when 37679 is divided by 37645?
34
Calculate the remainder when 31800 is divided by 11.
10
What is the remainder when 1149 is divided by 68?
61
Calculate the remainder when 19558 is divided by 654.
592
Calculate the remainder when 2710 is divided by 109.
94
Calculate the remainder when 1088 is divided by 276.
260
What is the remainder when 2842 is divided by 912?
106
What is the remainder when 94473 is divided by 1330?
43
What is the remainder when 5064 is divided by 656?
472
What is the remainder when 1725 is divided by 109?
90
What is the remainder when 189432 is divided by 5412?
12
Calculate the remainder when 198437 is divided by 350.
337
Calculate the remainder when 203183 is divided by 24.
23
Calculate the remainder when 12272 is divided by 4086.
14
Calculate the remainder when 4830 is divided by 331.
196
What is the remainder when 1290 is divided by 63?
30
Calculate the remainder when 3360 is divided by 683.
628
Calculate the remainder when 188 is divided by 28.
20
Calculate the remainder when 73329 is divided by 378.
375
Calculate the remainder when 6105 is divided by 325.
255
What is the remainder when 22180 is divided by 1115?
995
Calculate the remainder when 203998 is divided by 23.
11
Calculate the remainder when 1866 is divided by 138.
72
Calculate the remainder when 166429 is divided by 206.
187
What is the remainder when 11918 is divided by 79?
68
Calculate the remainder when 20946 is divided by 20825.
121
Calculate the remainder when 870396 is divided by 17.
13
What is the remainder when 814248 is divided by 67?
64
What is the remainder when 44229 is divided by 62?
23
What is the remainder when 6872901 is divided by 1354?
1351
What is the remainder when 620 is divided by 230?
160
What is the remainder when 592 is divided by 575?
17
What is the remainder when 1725 is divided by 262?
153
Calculate the remainder when 79046 is divided by 1040.
6
What is the remainder when 20820 is divided by 2298?
138
What is the remainder when 1574642 is divided by 111?
107
Calculate the remainder when 1210380 is divided by 112.
108
Calculate the remainder when 154703 is divided by 1300.
3
Calculate the remainder when 449062 is divided by 99.
97
Calculate the remainder when 10669 is divided by 10660.
9
What is the remainder when 5517 is divided by 204?
9
Calculate the remainder when 3595 is divided by 371.
256
What is the remainder when 89396 is divided by 82?
16
What is the remainder when 311 is divided by 283?
28
What is the remainder when 1968 is divided by 106?
60
Calculate the remainder when 399560 is divided by 22.
18
What is the remainder when 3498319 is divided by 35?
34
What is the remainder when 17215 is divided by 140?
135
Calculate the remainder when 46413 is divided by 133.
129
What is the remainder when 10431 is divided by 3?
0
What is the remainder when 2908 is divided by 359?
36
What is the remainder when 3151 is divided by 66?
49
Calculate the remainder when 569 is divided by 44.
41
Calculate the remainder when 37385 is divided by 343.
341
Calculate the remainder when 4546 is divided by 1134.
10
Calculate the remainder when 6158 is divided by 61.
58
What is the remainder when 15605 is divided by 70?
65
What is the remainder when 17570 is divided by 1463?
14
What is the remainder when 68729 is divided by 34358?
13
What is the remainder when 8823 is divided by 348?
123
What is the remainder when 3710 is divided by 476?
378
Calculate the remainder when 50461 is divided by 828.
781
What is the remainder when 50468 is divided by 50457?
11
Calculate the remainder when 1469206 is divided by 3.
1
Calculate the remainder when 1344592 is divided by 293.
15
Calculate the remainder when 157629 is divided by 44.
21
What is the remainder when 6929 is divided by 1?
0
What is the remainder when 52091 is divided by 113?
111
Calculate the remainder when 11729399 is divided by 20.
19
Calculate the remainder when 8922 is divided by 2220.
42
Calculate the remainder when 1300 is divided by 14.
12
What is the remainder when 18428 is divided by 1145?
108
Calculate the remainder when 2047 is divided by 835.
377
What is the remainder when 581813 is divided by 57?
14
What is the remainder when 8951 is divided by 794?
217
Calculate the remainder when 1250347 is divided by 17.
14
What is the remainder when 556320 is divided by 61812?
12
Calculate the remainder when 584081 is divided by 180.
161
Calculate the remainder when 204680 is divided by 92.
72
Calculate the remainder when 1698 is divided by 559.
21
What is the remainder when 535 is divided by 113?
83
What is the remainder when 33804 is divided by 8443?
32
Calculate the remainder when 4206 is divided by 770.
356
Calculate the remainder when 203323 is divided by 50.
23
What is the remainder when 1761 is divided by 1710?
51
Calculate the remainder when 1728 is divided by 303.
213
Calculate the remainder when 308 is divided by 5.
3
Calculate the remainder when 866702 is divided by 60.
2
Calculate the remainder when 12046 is divided by 171.
76
Calculate the remainder when 961 is divided by 551.
410
What is the remainder when 365143 is divided by 165?
163
Calculate the remainder when 1999 is divided by 223.
215
What is the remainder when 377452 is divided by 13?
10
Calculate the remainder when 1160 is divided by 391.
378
What is the remainder when 26376 is divided by 3755?
91
What is the remainder when 1757 is divided by 464?
365
What is the remainder when 869896 is divided by 41?
40
Calculate the remainder when 2640 is divided by 157.
128
What is the remainder when 1027 is divided by 274?
205
Calculate the remainder when 3527 is divided by 357.
314
What is the remainder when 2955 is divided by 122?
27
Calculate the remainder when 301 is divided by 62.
53
What is the remainder when 177013 is divided by 58996?
25
What is the remainder when 481601 is divided by 36?
29
Calculate the remainder when 4306 is divided by 101.
64
Calculate the remainder when 96 is divided by 62.
34
Calculate the remainder when 84241 is divided by 84233.
8
What is the remainder when 209308 is div